mon divisor of 30380 and 5580?
620
What is the greatest common factor of 34986 and 408?
102
Calculate the highest common divisor of 178 and 3903362.
178
What is the greatest common divisor of 1471495 and 755?
755
What is the highest common factor of 20 and 1784260?
20
Calculate the greatest common divisor of 1989 and 2301.
39
Calculate the highest common divisor of 1480 and 88985.
185
Calculate the greatest common factor of 51009 and 6.
3
What is the highest common divisor of 329892 and 1110?
222
Calculate the highest common factor of 360 and 477540.
180
Calculate the greatest common factor of 5977098 and 766.
766
What is the highest common divisor of 292230 and 75?
15
What is the highest common factor of 17060288 and 674?
674
What is the greatest common divisor of 187 and 68717?
11
What is the greatest common divisor of 150 and 711100?
50
Calculate the highest common divisor of 3474 and 24125.
193
Calculate the highest common factor of 15392 and 124616.
296
Calculate the greatest common factor of 16 and 110924.
4
Calculate the greatest common factor of 424487 and 49.
49
Calculate the highest common factor of 235683 and 54.
27
Calculate the greatest common divisor of 7434 and 6174.
126
Calculate the highest common divisor of 10656 and 7488.
288
What is the highest common divisor of 315 and 1491210?
315
What is the greatest common factor of 89512 and 24?
8
What is the highest common divisor of 3816791 and 2972?
743
What is the greatest common divisor of 8 and 1185428?
4
Calculate the highest common factor of 17057 and 481.
37
What is the highest common divisor of 986 and 5508?
34
What is the highest common factor of 4628 and 7748?
52
Calculate the highest common divisor of 1015 and 6583.
29
Calculate the highest common divisor of 56 and 79716.
28
What is the highest common divisor of 3525 and 4195?
5
Calculate the highest common divisor of 880 and 1298.
22
What is the highest common factor of 154 and 21626?
22
Calculate the greatest common factor of 1543298 and 1182.
394
Calculate the highest common divisor of 752 and 6523036.
188
What is the greatest common divisor of 63338 and 154?
22
Calculate the highest common factor of 231288 and 897.
69
What is the highest common factor of 7047 and 29?
29
Calculate the greatest common divisor of 19710 and 310.
10
What is the highest common factor of 936 and 492?
12
What is the greatest common factor of 83831 and 176?
11
Calculate the greatest common divisor of 1107 and 1476.
369
What is the greatest common divisor of 120 and 127860?
60
What is the greatest common divisor of 112 and 156443?
7
Calculate the highest common factor of 45 and 12581505.
45
Calculate the greatest common divisor of 8648 and 328.
8
What is the greatest common divisor of 24 and 494844?
12
What is the greatest common factor of 2461 and 26857?
107
What is the greatest common divisor of 80 and 9640?
40
Calculate the highest common divisor of 3465 and 1065.
15
What is the greatest common factor of 32625 and 100?
25
Calculate the highest common factor of 60 and 202155.
15
What is the greatest common divisor of 5301 and 236189?
589
What is the highest common factor of 1673 and 168?
7
What is the greatest common divisor of 175476 and 21?
21
What is the greatest common divisor of 5631 and 1983?
3
What is the highest common divisor of 3846 and 66?
6
What is the highest common divisor of 381513 and 363?
363
What is the highest common factor of 51927 and 399?
57
What is the highest common factor of 156 and 207684?
12
What is the highest common divisor of 125 and 2855?
5
What is the highest common divisor of 6948 and 2510544?
2316
Calculate the highest common factor of 36 and 33092.
4
What is the greatest common factor of 2274094 and 474?
158
What is the highest common factor of 73 and 813512?
73
Calculate the greatest common factor of 714527 and 374.
187
Calculate the greatest common divisor of 367730 and 220.
110
Calculate the highest common factor of 952 and 5364044.
476
Calculate the highest common divisor of 936 and 30264.
312
Calculate the highest common factor of 9605 and 119.
17
What is the greatest common factor of 22577 and 107?
107
What is the highest common factor of 219 and 297037?
73
What is the greatest common factor of 14053 and 13039?
13
What is the greatest common factor of 28593 and 240393?
1059
What is the highest common factor of 108 and 259092?
108
Calculate the highest common divisor of 2306 and 1814.
2
What is the greatest common divisor of 221121 and 27?
9
What is the highest common factor of 223072 and 32?
32
Calculate the greatest common divisor of 352 and 438823.
11
Calculate the highest common divisor of 468 and 2405.
13
What is the greatest common factor of 89950 and 2450?
350
What is the highest common divisor of 24567 and 969?
57
What is the highest common divisor of 429941 and 573?
191
What is the highest common factor of 6408 and 50552?
712
What is the greatest common factor of 189 and 8001?
63
Calculate the highest common divisor of 550143 and 36.
9
What is the highest common divisor of 4091 and 1?
1
What is the greatest common divisor of 1856 and 3424?
32
Calculate the greatest common divisor of 134 and 102175.
67
Calculate the greatest common divisor of 2890 and 430.
10
Calculate the highest common divisor of 763 and 4.
1
What is the highest common factor of 17222 and 4796?
218
What is the greatest common factor of 588 and 1022042?
98
Calculate the highest common divisor of 5124 and 8750.
14
What is the highest common divisor of 616814 and 253?
253
What is the greatest common factor of 1 and 3055368?
1
What is the highest common divisor of 965 and 6625?
5
Calculate the highest common divisor of 36 and 206580.
12
Calculate the highest common factor of 34765 and 34.
17
What is the greatest common factor of 13 and 1167179?
13
Calculate the greatest common divisor of 21450 and 3333.
33
Calculate the greatest common factor of 270 and 2833434.
54
What is the highest common factor of 1782 and 138336?
66
What is the greatest common divisor of 33936 and 12768?
336
What is the highest common factor of 81385 and 794?
397
Calculate the highest common factor of 24981 and 99.
33
Calculate the greatest common factor of 10 and 10934.
2
Calculate the highest common divisor of 15 and 4295.
5
Calculate the greatest common divisor of 212 and 8692.
212
What is the highest common divisor of 182 and 214318?
26
Calculate the highest common divisor of 2408820 and 24.
12
What is the highest common divisor of 8993 and 4301?
391
Calculate the greatest common factor of 143 and 16423.
11
Calculate the greatest common divisor of 300 and 80175.
75
Calculate the highest common divisor of 855 and 16155.
45
What is the greatest common divisor of 68621 and 7?
7
Calculate the greatest common divisor of 302638 and 14.
14
Calculate the highest common factor of 142232 and 8.
8
Calculate the highest common divisor of 984 and 1594408.
328
What is the greatest common divisor of 4726 and 542?
2
What is the highest common factor of 186853 and 1711?
59
What is the greatest common divisor of 91 and 14987?
7
Calculate the greatest common divisor of 720 and 186195.
15
Calculate the highest common factor of 40474 and 2198.
14
What is the highest common factor of 30153 and 171?
57
Calculate the greatest common divisor of 90 and 11367.
9
What is the highest common divisor of 1096 and 4247?
137
What is the greatest common divisor of 15611 and 469?
67
Calculate the greatest common divisor of 93 and 6621786.
93
Calculate the highest common factor of 864 and 49536.
288
What is the greatest common factor of 278 and 1390834?
278
What is the highest common divisor of 2208045 and 10710?
1785
Calculate the highest common divisor of 9725051 and 1099.
1099
What is the greatest common factor of 64 and 14368?
32
What is the greatest common divisor of 63070 and 42?
14
What is the greatest common factor of 8602 and 2363?
17
Calculate the greatest common divisor of 1911 and 567861.
147
Calculate the greatest common divisor of 684134 and 44.
22
Calculate the highest common factor of 182 and 9002.
14
Calculate the greatest common factor of 53 and 76426.
53
What is the highest common divisor of 4420 and 19240?
260
What is the highest common factor of 4085 and 62795?
95
Ca